9*o + 3. Give a(-2).
1
Let a(x) = -18*x**2 + x. Give a(1).
-17
Let a(j) = -j**3 - 12*j**2 - 5*j - 14. What is a(-12)?
46
Let d(f) = -f**3 + 6*f**2 + 9*f - 17. Give d(7).
-3
Let y(r) = -2*r**3 - 11*r**2 - 8*r - 4. Determine y(-4).
-20
Let u(n) = n**3 + 5*n**2 + 4*n - 1. Determine u(-4).
-1
Let q(h) = -3*h**2 - 92*h + 131. Give q(-32).
3
Let p(x) = x**2 + 20*x + 83. What is p(-13)?
-8
Let z(l) = l**3 - 5*l**2 + 6*l - 2. Calculate z(4).
6
Let n(y) = y - 53. Determine n(-7).
-60
Let n(l) = -l + 10. Give n(6).
4
Let j(x) = -2*x**3 + 12*x**2 - 5. Calculate j(6).
-5
Let v(k) = -96*k - 197. Calculate v(-2).
-5
Let q(n) = -9*n + 60. Calculate q(6).
6
Let c(y) = 12*y**2 + 3*y + 4. Calculate c(-2).
46
Let n(p) = -4*p**2 - 2*p + 2. What is n(2)?
-18
Let w(x) = -x**3 - x**2 - 48. Give w(0).
-48
Let k(n) = -n + 21. What is k(7)?
14
Let r(l) = 42*l - 4. What is r(-2)?
-88
Let s(x) = 4*x + 20. Give s(-5).
0
Let g(y) = -82*y - 331. Calculate g(-4).
-3
Let n(t) = 3*t**2 - 2*t - 1. What is n(6)?
95
Let g(q) = -q - 3. Determine g(-7).
4
Let a(k) = 2*k**2 - 68*k + 17. Determine a(33).
-49
Let b(v) = 8*v + 13. Calculate b(-2).
-3
Let j(h) = -h**2 + 9*h + 37. What is j(12)?
1
Let l(x) = 3*x + 9. Give l(-1).
6
Let p(b) = -b**3 - 24*b**2 - 21*b + 52. Determine p(-23).
6
Let g(i) = 15*i - 132. Determine g(9).
3
Let s(d) = 2*d**2 + 8*d + 7. Calculate s(-2).
-1
Let k(l) = -l**3 - 5*l**2 + 6*l - 4. Give k(-3).
-40
Let h(r) = r**3 - 9*r**2 + 3*r - 4. Give h(9).
23
Let z(n) = 22*n**2. Calculate z(1).
22
Let i(w) = 5*w**3 + 2*w**2 - 64*w + 63. What is i(1)?
6
Let j(f) = -f - 54. Determine j(-36).
-18
Let m(z) = 14*z + 72. Determine m(-5).
2
Let b(f) = -63*f + 327. Give b(5).
12
Let i(q) = 7*q - 123. What is i(14)?
-25
Let q(w) = -4*w + 1. Calculate q(2).
-7
Let t(o) = o**2 - 8*o + 5. What is t(4)?
-11
Let h(x) = -x**3 + 8*x**2 + 5*x + 9. Determine h(8).
49
Let b(v) = -4*v**3 + 5*v**2 - 8*v. What is b(4)?
-208
Let p(m) = -m**3 - 15*m**2 - 38*m - 14. Calculate p(-12).
10
Let l(w) = -3*w**3 - 90*w**2 - 88*w - 22. Give l(-29).
7
Let n(d) = 2*d**3 - 2*d**2 + 4. Determine n(-2).
-20
Let m(c) = -c**3 - 3*c**2 + c - 2. What is m(-2)?
-8
Let f(l) = 34*l**2 + 3*l + 4. Determine f(2).
146
Let f(c) = 41*c - 127. Give f(3).
-4
Let j(m) = -3*m - 5. Give j(-3).
4
Let a(h) = -h**2 - 13*h - 24. Calculate a(-11).
-2
Let m(y) = y**3 - 3*y**2 - 7*y + 8. What is m(4)?
-4
Let i(q) = -q**3 + 2*q**2 - 4*q - 8. Determine i(-4).
104
Let d(l) = -3*l**2 - 4*l + 4. Give d(-5).
-51
Let w(v) = 2*v**2 - 31*v - 6. What is w(16)?
10
Let m(v) = 22*v - 1209. Give m(55).
1
Let q(h) = -6*h + 2. What is q(7)?
-40
Let g(f) = -3*f - 1. Calculate g(4).
-13
Let u(v) = v**3 + 13*v**2 + 15*v + 57. Calculate u(-12).
21
Let l(m) = m**2 - 6*m + 17. What is l(9)?
44
Let l(a) = 2*a**2 + 34*a - 4. Calculate l(-14).
-88
Let r(j) = -9*j - 5. Give r(-4).
31
Let r(u) = u**3 - 5*u**2 + 13*u + 1. Determine r(4).
37
Let b(y) = y**3 + 2*y + 30. Calculate b(0).
30
Let c(i) = 2*i**3 - 7*i**2 - 3*i + 12. Give c(3).
-6
Let r(p) = 2*p**2 - 50*p - 40. What is r(26)?
12
Let a(j) = j**3 - 5*j**2 + 4*j - 57. Determine a(6).
3
Let g(m) = m**3 - 2*m**2 + 3*m - 12. Give g(3).
6
Let m(d) = d**3 + d**2 + 4*d + 21. Calculate m(0).
21
Let y(q) = -36*q - 2. Give y(-2).
70
Let k(r) = -r**3 + 3*r**2 + 52*r + 15. Determine k(9).
-3
Let j(a) = -155*a + 4. Calculate j(-1).
159
Let m(s) = s**3 + 9*s**2 + 7*s - 10. Calculate m(-8).
-2
Let h(o) = o**3 - 13*o**2 - 14*o + 8. Give h(14).
8
Let s(y) = 2*y**2 + 3*y. Determine s(-2).
2
Let z(n) = -n**3 + 4*n**2 - n - 5. What is z(4)?
-9
Let g(w) = -12*w. What is g(-2)?
24
Let f(s) = 4*s + 30. What is f(3)?
42
Let l(u) = -u**2 + 14*u + 15. Determine l(7).
64
Let f(q) = -q**2 - 16*q + 20. Determine f(-17).
3
Let y(t) = t**3 + 7*t**2 + t + 12. What is y(-6)?
42
Let k(h) = -h**2 + h. What is k(4)?
-12
Let z(f) = f**2 - 6*f - 9. What is z(-8)?
103
Let z(n) = -6*n**2 + 53*n + 65. What is z(10)?
-5
Let z(v) = -v**3 - 11*v**2 - 15*v + 14. What is z(-9)?
-13
Let l(z) = -z**3 - 47*z**2 - 129*z + 153. Give l(-44).
21
Let v(l) = 3*l + 23. Give v(-10).
-7
Let r(z) = -z**2 + 20*z + 95. Give r(24).
-1
Let q(y) = y**2 + 4*y + 5. Determine q(-5).
10
Let z(j) = -4*j**2 - 5*j + 1. Calculate z(-4).
-43
Let l(n) = -n - 16. Calculate l(-3).
-13
Let i(u) = 9*u - 9. Give i(4).
27
Let d(v) = -5*v - 95. What is d(-20)?
5
Let g(i) = i**2 - 6*i - 12. Calculate g(-5).
43
Let i(d) = -d**2 - 2*d + 15. Determine i(-7).
-20
Let u(o) = 52*o. Give u(1).
52
Let q(m) = 3*m**3 + 2. Determine q(-2).
-22
Let g(a) = a**3 + 10*a**2 - 8*a + 29. Determine g(-11).
-4
Let g(u) = 3*u**2 - 20*u - 3. Determine g(7).
4
Let u(v) = -4*v + 2. What is u(1)?
-2
Let n(u) = 8*u - 3. Give n(-3).
-27
Let p(w) = w**3 + 3*w**2 - 13*w + 5. Give p(-6).
-25
Let a(u) = -u + 8. Determine a(4).
4
Let d(m) = m**3 - 16*m**2 + 2*m - 20. Give d(16).
12
Let g(w) = -6*w**3 - 3*w**2 + 2*w + 1. Give g(1).
-6
Let l(o) = -3*o**3 + 10*o**2 + 3*o - 22. Calculate l(3).
-4
Let c(o) = -o**3 - 7*o**2 + 8*o + 2. Give c(-8).
2
Let c(y) = -3*y**3 + 2*y**2 - 3*y. Calculate c(2).
-22
Let w(o) = -2*o**3 + 10*o**2 + 17*o - 27. What is w(6)?
3
Let k(q) = 3*q**2 + 14*q + 10. What is k(-3)?
-5
Let f(h) = -h**3 - 9. Calculate f(0).
-9
Let o(c) = c**2 + 15*c - 21. Give o(-16).
-5
Let g(d) = -9*d**2 + 2*d + 1. Determine g(-1).
-10
Let j(s) = 14*s. What is j(-2)?
-28
Let g(j) = 9*j + 2. Determine g(4).
38
Let i(f) = 2*f**3 - 3*f**2 + 2*f - 1. Give i(2).
7
Let f(d) = -d**3 + 2*d**2 + 7. Determine f(3).
-2
Let t(l) = 16*l + 220. Give t(-16).
-36
Let r(q) = -q**2 - 8*q - 3. Give r(-6).
9
Let f(h) = -3*h**2 - 13. What is f(3)?
-40
Let y(i) = i**3 + 7*i**2 - 20*i - 22. What is y(-9)?
-4
Let f(b) = -2*b**2 + 64*b - 124. Calculate f(30).
-4
Let d(z) = -12*z**2 - z - 1. What is d(-1)?
-12
Let r(b) = 3*b**2 - 22*b - 1. Give r(7).
-8
Let z(s) = -11*s + 18. Determine z(9).
-81
Let b(f) = -f**3 + 26*f**2 - 69*f - 6. Give b(23).
-6
Let w(y) = -y**3 + 31*y**2 + 7. What is w(31)?
7
Let j(g) = 25*g**2 + 1. Determine j(-1).
26
Let n(b) = -b**3 + 11*b**2 - 31*b + 9. Determine n(6).
3
Let c(k) = 28*k - 289. Calculate c(10).
-9
Let q(f) = -2*f**3 + 28*f**2 + 2*f - 33. Determine q(14).
-5
Let z(x) = -x**2 - 8*x - 9. Determine z(-5).
6
Let x(c) = -c**3 - 3*c**2 - 7*c - 2. What is x(0)?
-2
Let t(q) = 2*q**2 - 3*q - 9. What is t(4)?
11
Let a(c) = 195*c + 780. Calculate a(-4).
0
Let j(a) = 37*a + 297. Give j(-8).
1
Let j(u) = -18*u - 365. Give j(-21).
13
Let u(c) = -c**2 + 7*c - 2. Determine u(7).
-2
Let c(o) = -14*o - 9. Determine c(3).
-51
Let r(i) = i**3 + 14*i**2 - 16*i - 5. Give r(-15).
10
Let u(o) = -3*o**2 + 21*o - 6. What is u(7)?
-6
Let k(q) = -2*q - 3. Give k(-10).
17
Let h(j) = 4*j. Calculate h(1).
4
Let q(h) = 2*h**2 - 5*h - 2. Determine q(4).
10
Let b(p) = -11*p + 43. Give b(4).
-1
Let m(j) = j**2 - 4*j - 3. Determine m(4).
-3
Let m(a) = a**3 + 6*a**2 + 5*a + 8. Give m(-6).
-22
Let k(h) = h**3 - 5*h**2 - h - 4. Calculate k(5).
-9
Let v(w) = w - 8. What is v(8)?
0
Let p(b) = b**3 - 4*b**2 + 3*b - 4. Calculate p(3).
-4
Let b(n) = -16*n + 5. Determine b(-2).
37
Let p(a) = -7*a - 84. Give p(-13).
7
Let d(s) = 14*s**2 - s. Determine d(-1).
15
Let d(g) = -46*g + 214. What is d(5)?
-16
Let c(a) = -a**3 - 12*a**2 - 12*a + 1. Calculate c(-11).
12
Let y(p) = p**3 - 10*p**2 - 9*p - 20. Give y(11).
2
Let n(r) = -r**2 - 14*r + 10. Calculate n(-13).
23
Let j(k) = -2*k + 19. Give j(10).
-1
Let r(g) = -2*g**2 + 7. Calculate r(-3).
-11
Let o(j) = -14*j - 11. Give o(-2).
17
Let i(o) = 7*o - 11. Calculate i(3).
10
Let i(p) = -10*p + 15. Calculate i(2).
-5
Let r(f) = -5*f**2 - 47*f + 6. Give r(-9).
24
Let i(m) = -m**3 - 24*m**2 - 64*m - 23. Give i(-21).
-2
Let p(o) = o**2 + 15*o + 48. Give p(-8).
-8
Let d(v) = -30*v - 45. Give d(-2).
15
Let f(v) = 6*v**2 - 6*v + 12. Give f(4).
84
Let b(j) = -20*j**2 + 57*j + 9. Determine b(3).
0
Let l(j) = -10*j - 6. What is l(-2)?
14
Let m(t) = 5*t - 11. What is m(6)?
19
Let v(f) = f**2 - 7*f - 7. Calculate v(8).
1
Let d(y) = -10*y + 321. Determine d(34).
-19
Let m(r) = -6*r + 51. Give m(4).
27
Let k(a) = -26*a + 128. What is k(5)?
-2
Let b(p) = -8*p - 165. Determine b(-20).
-5
Let p(c) = -c**3 + 5*c**2 - 4*c - 1. What is p(3)?
5
Let a(u) = -9*u**2 + 41*u - 10. Determine a(8).
-258
Let u(z) = 8*z**3 